88. Give v(-10).
-32
Let h(k) = -k**3 - 55*k**2 - 597*k + 128. Give h(-40).
8
Let o(l) = 4*l**2 - 94*l - 55. What is o(24)?
-7
Let u(w) = 2*w**3 - 29*w**2 - 14*w - 14. Calculate u(15).
1
Let v(x) = 17*x - 71. What is v(1)?
-54
Let p(f) = 30*f + 131. What is p(-3)?
41
Let g(t) = -t**3 + 136*t**2 - 58*t + 7911. What is g(136)?
23
Let i(j) = j**3 - 16*j**2 + 8*j + 48. Give i(15).
-57
Let f(n) = -664*n + 2016. Calculate f(3).
24
Let c(j) = -j**3 - 43*j**2 - 456*j - 192. Determine c(-25).
-42
Let l(n) = n**3 + 3*n**2 - 32*n - 92. Calculate l(-5).
18
Let b(t) = t**3 - 5*t**2 - 4*t - 6. Calculate b(6).
6
Let s(g) = 13*g**2 - 3. What is s(-8)?
829
Let r(g) = 20*g + 77. Give r(-15).
-223
Let j(a) = -12*a**2 - 185*a + 25. Calculate j(-16).
-87
Let l(p) = 3*p**3 - 63*p**2 - 66*p - 6. What is l(22)?
-6
Let z(r) = r**3 + 2*r**2 + 5*r - 84. What is z(0)?
-84
Let j(i) = -i**3 + 186*i**2 - 1128*i + 8633. Give j(180).
-7
Let p(a) = 8*a + 414. Give p(-85).
-266
Let s(o) = 44*o**2 - 68*o + 67. Calculate s(1).
43
Let v(m) = -1130*m - 22553. What is v(-20)?
47
Let c(b) = -108*b + 1284. Give c(8).
420
Let q(y) = -28*y - 674. What is q(-25)?
26
Let i(s) = -2511*s - 30130. Calculate i(-12).
2
Let b(k) = -6*k**2 - 86*k - 87. What is b(-1)?
-7
Let s(n) = -3*n**2 + 74*n + 112. What is s(26)?
8
Let n(m) = m**3 - 20*m**2 - 20*m + 68. What is n(21)?
89
Let l(h) = h**3 + 19*h**2 - 2*h + 104. Give l(-19).
142
Let h(v) = -75*v - 1044. Determine h(-14).
6
Let h(l) = l**3 + 14*l**2 + 3*l - 66. Calculate h(-13).
64
Let u(a) = a**2 - 841*a + 5788. What is u(7)?
-50
Let y(g) = 2*g**2 + 80*g + 186. Determine y(-37).
-36
Let s(b) = -22*b + 161. Determine s(10).
-59
Let u(h) = -h**3 + 30*h**2 + 65*h + 1. Determine u(32).
33
Let f(x) = -6*x**3 - 11*x**2 + 53*x + 112. Give f(-3).
16
Let o(i) = -i**3 + 3*i**2 + 16*i - 34. Determine o(6).
-46
Let x(c) = -c**3 - 42*c**2 + 364*c + 16610. What is x(-41)?
5
Let m(z) = -4*z**2 + 49*z + 85. Determine m(14).
-13
Let q(o) = -4*o**2 - 57*o + 5. What is q(-21)?
-562
Let r(p) = -p**2 - 44*p - 79. Determine r(-2).
5
Let a(x) = -12*x + 228. Calculate a(30).
-132
Let w(x) = 2*x**2 + 41*x + 62. Determine w(-17).
-57
Let h(x) = -x + 25. What is h(17)?
8
Let t(r) = -4*r**2 + 55*r - 171. Calculate t(5).
4
Let t(m) = m**3 + 10*m**2 - 37*m + 22. Give t(-13).
-4
Let c(u) = -u**3 - 62*u**2 - 187*u - 585. What is c(-59)?
5
Let g(t) = -723*t - 723. What is g(-1)?
0
Let h(v) = 6*v + 106. Calculate h(22).
238
Let z(o) = -32*o + 1605. Determine z(49).
37
Let b(u) = u**3 + 82*u**2 - 432*u - 17. Determine b(5).
-2
Let j(s) = 2*s**2 + 126*s + 1021. Give j(-11).
-123
Let r(b) = 5*b**2 - 28*b + 67. Calculate r(0).
67
Let w(n) = n**2 + 76*n + 541. Give w(-33).
-878
Let d(f) = -3*f**2 - 115*f - 611. Calculate d(-6).
-29
Let l(f) = 2*f**2 + 6*f - 175. What is l(8)?
1
Let c(u) = -u**3 - 5*u**2 - 39*u - 206. Determine c(-5).
-11
Let y(h) = 31*h + 85. What is y(-5)?
-70
Let g(o) = 227*o**2 + 1355*o - 14. What is g(-6)?
28
Let g(d) = 4*d - 131. What is g(35)?
9
Let y(i) = 4*i**2 - 147*i - 1059. Determine y(43).
16
Let l(k) = -k**2 + 448*k - 3107. Determine l(7).
-20
Let n(i) = -4*i**3 + 148*i**2 - 143*i - 32. Give n(36).
4
Let v(h) = -10*h**2 + 11*h + 82. What is v(0)?
82
Let f(b) = -b**2 + 156*b + 7825. What is f(-40)?
-15
Let u(t) = 7*t + 169. Give u(-33).
-62
Let d(x) = -x**3 - 547*x + 548. What is d(1)?
0
Let q(a) = -162*a - 1452. Calculate q(-9).
6
Let g(c) = -11*c**2 + 307*c + 36. What is g(28)?
8
Let m(o) = -22561*o + 203039. Determine m(9).
-10
Let s(b) = -296*b**3 - 66*b**2 - 67*b. Calculate s(-1).
297
Let z(d) = -38*d**2 + 191*d - 5. Determine z(5).
0
Let q(x) = 2*x**3 + 36*x**2 - 10*x - 197. Give q(-18).
-17
Let c(w) = -49*w - 1309. Determine c(-27).
14
Let h(t) = -t**3 - 37*t**2 - 41*t - 216. Determine h(-36).
-36
Let h(w) = w**2 - 69*w - 2341. Calculate h(94).
9
Let g(h) = 224*h - 1177. Calculate g(5).
-57
Let b(f) = 21*f**2 + 721*f + 46. What is b(-34)?
-192
Let l(j) = 40*j**3 - 242*j**2 + 4*j + 1. Give l(6).
-47
Let h(f) = 5*f**3 - 118*f**2 + 680*f. What is h(10)?
0
Let y(p) = -p**2 + 10*p + 78. Calculate y(15).
3
Let o(h) = -2*h**3 - 379*h**2 + 193*h + 557. What is o(-190)?
-13
Let z(u) = 4*u**2 - 20*u - 86. What is z(-3)?
10
Let u(s) = s**3 + 46*s**2 - 5*s - 220. Determine u(-46).
10
Let j(n) = 4*n**2 + 87*n - 54. Give j(-22).
-32
Let k(q) = q**3 + 13*q**2 + 47*q + 23. Give k(-6).
-7
Let l(c) = 21*c + 88. Give l(-13).
-185
Let x(o) = o**3 + 4*o**2 - 185*o + 28. Give x(-16).
-84
Let q(o) = 4740*o - 14229. Determine q(3).
-9
Let b(l) = l**2 + 395*l + 21451. Determine b(-330).
1
Let q(c) = -c**2 - 76*c - 858. Determine q(-13).
-39
Let n(q) = -q**3 - 141*q**2 - 1435*q - 642. Give n(-130).
8
Let a(h) = -h**3 - 11*h**2 + 18*h + 16. Give a(2).
0
Let l(m) = -29*m - 1042. Give l(-36).
2
Let w(h) = h**3 + 11*h**2 + 35*h - 74. Give w(-5).
-99
Let v(s) = 23*s - 481. Calculate v(21).
2
Let a(f) = f**2 - 8. What is a(4)?
8
Let r(m) = 237*m + 7100. Give r(-30).
-10
Let y(h) = -h**3 - 39*h**2 - 2*h - 113. Determine y(-39).
-35
Let s(p) = -4*p - 120. What is s(-23)?
-28
Let c(o) = 132*o + 1269. Calculate c(-13).
-447
Let g(w) = 28*w + 207. Determine g(-5).
67
Let s(f) = -f**3 - 5*f**2 + 31*f + 277. Determine s(-6).
127
Let o(g) = -g**2 + 12*g + 186. Give o(-11).
-67
Let w(f) = -5*f**3 - 4*f**2 + 5*f + 1. Determine w(2).
-45
Let g(t) = 2*t**2 - 30*t + 23. Calculate g(14).
-5
Let m(s) = 659*s + 2581. What is m(-4)?
-55
Let c(d) = 62*d**2 + 11*d + 11. Calculate c(-1).
62
Let a(q) = 3538*q - 21232. Give a(6).
-4
Let b(n) = -18*n + 513. Give b(28).
9
Let j(f) = -f**2 - 11*f + 10. Determine j(1).
-2
Let x(t) = 40*t**2 + 212*t + 8. Give x(-4).
-200
Let j(m) = -12*m**2 - 544*m - 5635. Give j(-16).
-3
Let n(k) = 2*k**3 - 12*k**2 + 22*k + 21. What is n(4)?
45
Let f(r) = -211*r + 3998. Calculate f(19).
-11
Let y(u) = 30*u**2 - 608*u + 108. Determine y(20).
-52
Let i(m) = -5*m**2 + 207*m + 619. Give i(-3).
-47
Let v(z) = -2*z**3 - 25*z**2 + 4*z - 54. Give v(-13).
63
Let a(h) = -h**3 + 6*h**2 + 10*h - 45. Determine a(7).
-24
Let n(p) = p**3 - 42*p**2 - 84*p - 186. Determine n(44).
-10
Let h(c) = -c**3 - 8*c**2 + 7*c + 43. Give h(-8).
-13
Let z(p) = -1625*p - 4865. Give z(-3).
10
Let g(o) = 19*o**2 - 53*o - 71. Determine g(4).
21
Let c(j) = 147*j - 591. Give c(5).
144
Let b(s) = 25*s + 92. Calculate b(-5).
-33
Let j(d) = d**3 + 10*d**2 - 7*d + 35. Give j(-11).
-9
Let m(y) = 3*y**2 + 315*y - 7496. Give m(20).
4
Let h(o) = 2*o**3 + 43*o**2 - 331*o + 8. What is h(6)?
2
Let h(s) = -10*s - 152. What is h(-25)?
98
Let s(w) = w**3 - 2*w**2 - 24*w - 8. Calculate s(0).
-8
Let z(n) = 824*n - 1644. What is z(2)?
4
Let u(y) = -3*y**3 + 3*y**2 + 3*y - 14. Calculate u(4).
-146
Let k(j) = j**3 + 13*j**2 + 15*j + 195. What is k(-13)?
0
Let b(f) = -f**3 - f**2 - 16*f + 10. Give b(0).
10
Let k(g) = 267*g + 7211. Give k(-27).
2
Let o(x) = -7*x**2 + 279*x - 1216. Determine o(5).
4
Let p(o) = -241*o - 29394. Determine p(-122).
8
Let n(j) = 246*j - 1934. Calculate n(8).
34
Let n(y) = -13*y - 105. Give n(16).
-313
Let a(s) = 3*s**3 - 57*s**2 + 58*s + 45. What is a(18)?
117
Let y(z) = 4*z**2 - 36*z - 19. Determine y(7).
-75
Let p(x) = -975*x + 2936. Determine p(3).
11
Let y(s) = 3*s**2 - s - 27. Give y(-3).
3
Let x(l) = -9*l**2 + 18*l + 63. Calculate x(5).
-72
Let i(k) = -2*k**3 - 37*k**2 - 134*k + 64. What is i(-11)?
-277
Let n(r) = r**2 + 694*r + 17381. What is n(-26)?
13
Let u(c) = 7*c - 10. What is u(7)?
39
Let g(w) = 2*w**3 + 10*w**2 - 3*w - 7. Determine g(-5).
8
Let l(a) = 19*a**2 - 1443*a + 1444. Determine l(1).
20
Let j(h) = 2*h**3 + 9*h**2 + 13*h + 44. Give j(-4).
8
Let i(q) = -q**3 - 19*q**2 + 10*q - 115. Determine i(-20).
85
Let t(r) = -3780*r - 147416. Calculate t(-39).
4
Let z(x) = -2*x**2 - 72*x + 909. Give z(-46).
-11
Let t(m) = -m**3 + 14*m**2 + m + 12. Give t(13).
194
Let v(z) = -z**3 + 72*z**2 - 70*z - 74. What is v(71)?
-3
Let u(t) = -19*t + 1056. Calculate u(55).
11
Let y(p) = p**2 + 5*p - 3. Determine y(-11).
63
Let h(p) = -50*p - 987. Give h(-21).
63
Let n(g) = 319*g - 1929. Give n(6).
-15
Let o(x) = x**3 + 4*x**2 - 4*x. Determine o(6).
336
Let r(p) = 57*p + 1872. Give r(-33).
-9
Let s(q) = q**3 + 88*q**2 - 10*q - 875. Give s(-88).
5
Let w(d) = d**3 - 21*d**2 - 30*d - 4. What is w(22)?
